 is the units digit of i(k)?
6
Suppose -49 - 783 = -13*o. Let s = 9 - -17. Let c = o - s. What is the units digit of c?
8
Let n be 6/(-3) - (-6 - 1). Let y be (-692)/(-28) + (-25)/35 + 1. Suppose -2*d - y = -2*b + n, 4*d - 6 = -2*b. What is the units digit of b?
1
Suppose 78 + 473 = -l + 5*u, -20 = 4*u. What is the units digit of (l/(-112))/((-3)/(-98))?
8
Let v = 15 - 4. Suppose 0 = 2*k - v - 63. Suppose 2*q = -r + k, -3*q + 0*r - 5*r = -45. What is the units digit of q?
0
Let g = -2510 - -7488. What is the units digit of g?
8
Let t(f) = 109*f**3 + 7*f**2 - 9*f - 5. What is the units digit of t(2)?
7
Let k(n) = 129*n**2 - 13*n + 19. Let z be k(3). Let r = z + -459. What is the hundreds digit of r?
6
Let p be ((-197)/(-5))/((-1)/5). Let s = p - -229. What is the tens digit of s?
3
Let k(d) = -476*d + 28 + 29 - 62. What is the units digit of k(-1)?
1
Suppose 0 = 41*r - 37*r + 28. Let t(v) = -110*v - 138. What is the hundreds digit of t(r)?
6
Let x(s) = 8*s. Let h be (-2)/1*(6 - 36/3). Let q be x(h). Suppose -j + q = 57. What is the tens digit of j?
3
Suppose 3*c - 143 = -5*a, 5*c - 2*a - 300 = 2*a. Suppose -119 = -2*z + 41. Suppose -4*h = 3*o - z, -2*o = -4*o - 4*h + c. What is the units digit of o?
4
Suppose 0 = 3*b - s + 17, -7*b - 3*s = -2*b + 33. What is the thousands digit of ((-8)/b)/(-11*(-6)/78012)?
1
Let y(m) = -m**2 - m. Let d(l) = 15*l**2 + 20*l - 25. Let b(r) = d(r) + 4*y(r). What is the units digit of b(5)?
0
Suppose 5*w + 30 = 0, -p - 28*w + 24*w - 24 = 0. Let f(s) = -s**2 + 5*s + 232 - s**3 - 2*s + 2*s**2. What is the tens digit of f(p)?
3
Suppose 23 + 67 = -3*x. Let i be (-1 - 18/x)/(2/(-1140)). Let l = i + -100. What is the units digit of l?
8
Suppose -4*m - 5*y - 1120 = 0, y = 6*y + 20. Let n = 361 - m. What is the units digit of n?
6
Suppose 0*y - 15*y + 825 = 0. Let l(r) = -r**2 - r - 21. Let u be l(-6). Let b = y + u. What is the units digit of b?
4
Let z(p) = -p**3 - 22*p**2 + 5*p + 117. Let u be z(-22). Suppose -y - 41 = -q, -2*q + 105 = 5*y + 23. Suppose 0 = 2*v - q + u. What is the tens digit of v?
1
Suppose 3*v = 18*u - 20*u + 2192, 3*u = 3*v + 3318. What is the units digit of u + (-3 - -4)*-4?
8
Let z(d) = d**3 - 3*d**2 + 2*d + 4. Let s be z(3). Let o = -12 + s. What is the hundreds digit of (o/(-6))/(11/4818)?
1
Let o be (148/(-3))/((-12)/54). Let y = 35 + 321. Let j = y - o. What is the units digit of j?
4
Suppose -8*l + 6*l + 16 = 0. Let j be (-1 - -2) + 0 + 2 + l. Suppose j*t = 14*t - 384. What is the units digit of t?
8
Suppose -7*f = -f - 624. Suppose 2*z - f = 62. Let y = 156 - z. What is the tens digit of y?
7
Let y(i) = 184*i + 3405. What is the hundreds digit of y(30)?
9
Let c(v) = -v**3 + 16*v**2 + 3. Let a be 10/(-3)*(-1 + 57/(-15)). Let u be c(a). Suppose 0 = -5*q - 5, 5*k + u*q = 314 + 48. What is the tens digit of k?
7
What is the ten thousands digit of 3 - -10 - (15 - 24051)?
2
Let l be (-11)/55 - 56/(-5). Suppose 1094 + 1172 = l*o. What is the units digit of o?
6
Let g = 343 - -18955. What is the units digit of g?
8
Let t(z) = -z**3 - 3*z**2 + 27*z + 7. What is the ten thousands digit of t(-24)?
1
Suppose 55*k - 64021 - 274050 = 71294. What is the units digit of k?
3
Let u be -5*(-2)/(-6)*-3 + -30. Let l(w) = -w**3 - 23*w**2 + 11*w + 66. What is the tens digit of l(u)?
4
Let s be -1*(-30)/12 - 1/2. Suppose 3 + 7 = 5*u, 0 = -5*c + s*u + 4246. What is the units digit of c?
0
What is the hundreds digit of (23 + -8 + -9)*(405 - 1)?
4
Suppose 5*c - 3*c - 2828 = 5*x, -2*c + 2852 = x. Suppose -2*r + 4*i + 1028 = 0, 0 = -5*r - 5*i + c + 1086. What is the hundreds digit of r?
5
Let t(m) = -677*m + 19. Let h be t(-8). Suppose 2155 = 6*x - h. What is the thousands digit of x?
1
Suppose 5*d = c - 2923, -d = 9*c + 3501 - 29808. What is the tens digit of c?
2
Suppose -103747 - 58129 = -143*m. What is the thousands digit of m?
1
Let x(b) = -b**2 + 7*b - 6. Let a be x(2). Suppose -a*w + 5*s = -w + 3, 0 = 4*w - 2*s - 10. What is the tens digit of w/(8/6) + 76?
7
Suppose 2*u + 4 = 0, -5*q + 12*u + 10427 = 11*u. What is the hundreds digit of -6 + (4/10)/(1/q)?
8
Let g be ((-4)/10)/(8/40). Let y = 150 - 151. What is the units digit of (-13 - 1)*(-1)/g*y?
7
Suppose 0 = -6*c - 534*k + 537*k + 352227, 5*c - 3*k - 293522 = 0. What is the tens digit of c?
0
Let f(z) = -2*z**3 + 74*z**2 + 72*z - 212. What is the units digit of f(34)?
2
Let b = 3673 - 2523. Let m = 1817 - b. What is the hundreds digit of m?
6
Let z(i) = -2*i**3 - 2*i**2 + 13*i - 2. Let w be z(-4). What is the tens digit of ((-10)/35 - 9/w)*-74?
3
Suppose 5*j + 55 = 2*s, 0 = 3*j + 2*s - 0*s + 17. Let g(w) = -w**2 - 11*w - 14. Let r be g(j). Suppose -r*a = a - 85. What is the tens digit of a?
1
Let d = 109502 + -54599. What is the hundreds digit of d?
9
Let v be (0 + -12)/(8 - 10). Suppose -108 = -v*m + 2*m. Suppose -2*p + m = 3*n - 1, 3*n = 12. What is the units digit of p?
8
Suppose -4*d - 5 = -3*b + 7, b - 2*d = 6. Suppose 3*q + 1 = 16, b = 2*i - q - 241. What is the units digit of i?
3
Let i be -3090*5/(-2)*(-4)/(-12). Suppose i*o + 1206 = 2578*o. What is the units digit of o?
2
Let f(r) = 7*r**2 + 122. Let v(o) = -6*o**2 - 123. Let q(u) = -5*f(u) - 6*v(u). Let b be q(0). Let a = -49 + b. What is the tens digit of a?
7
Let y be (189/(-36) - -5)*-8. Suppose y*d - 1668 = -2*s, 864 = 16*d - 15*d - 5*s. What is the tens digit of d?
3
Let p(q) be the first derivative of 2*q**2 - 6*q + 32. Let d be p(2). Suppose -d*u - 321 = -2*m - m, 0 = 2*u. What is the tens digit of m?
0
Let l(t) = t**2 - 39*t + 19. Let v be l(-10). Let j = 953 - v. What is the hundreds digit of j?
4
Let x be -118 + -2 + (0 + 2 - 5). Let w = -22 - x. What is the units digit of w?
1
Let t be ((-60)/(-14))/(7/49*1). Suppose -2*m + 40 = 5*g, -5*g = -0*g + 4*m - t. Suppose -g*v = -4*v - 654. What is the hundreds digit of v?
1
Let p be (-22)/5 + 4 - 204/(-60). Let d(f) = 2 + 89*f + 1 + 0. What is the hundreds digit of d(p)?
2
Let r(d) = 0 - 15*d**2 + 22*d + 4 - 17*d - 3. Let b be r(-2). Let h = 130 + b. What is the tens digit of h?
6
Suppose 0 = 3*z - 2*z + 117. Let b = z - -237. Suppose -x - 307 = -5*d, 3*d + x = d + b. What is the tens digit of d?
6
Let j(y) = -y**2 + 19*y + 16*y + 246 - 280. Let g be (6/4)/(0 - (-15)/230). What is the units digit of j(g)?
2
Let x(f) = 2*f**2 + 31*f - 19. Let b be x(-16). Let s(n) = -314*n + 52. What is the hundreds digit of s(b)?
9
Let y = 515 + -539. Let w be ((-2)/(-2) - 6)*9. What is the units digit of ((-32)/y)/((-2)/w)?
0
Suppose -113026 = -3*k + q - 35396, 2*k - 51755 = -q. What is the units digit of k?
7
Suppose -3*j - 4*v = -6018, 5*j = 3*v + 2226 + 7833. What is the thousands digit of j?
2
Let p = 110 - 92. Suppose 12*s - p*s + 24 = 0. Suppose s*b = -7*b + 2618. What is the tens digit of b?
3
Let p = -22 - -25. Suppose 3 = -2*x + p*x. Suppose 0 = -x*t - 22 + 484. What is the tens digit of t?
5
Suppose 0 = 5*s + 74 - 24. Let f be s/(-1*(6/3 - 3)). Let h(u) = -u**3 - 9*u**2 - 2*u + 7. What is the hundreds digit of h(f)?
1
Let v = -534 + 531. What is the units digit of (-1 + -847)*(v + (-24)/(-16))?
2
Suppose 323 - 308 = 3*p. What is the units digit of 8818/p + 4/(60/(-9))?
3
Let b = 31366 + -2079. What is the ten thousands digit of b?
2
Let x be 2/2*6*20/(-120). Let l(z) = 215*z**3 + 7*z**2 - z + 2. Let n(p) = -72*p**3 - 2*p**2 - 1. Let v(f) = 2*l(f) + 7*n(f). What is the tens digit of v(x)?
7
Let v(k) = 58*k + 125. Let y be 3/9*-7*-3. What is the units digit of v(y)?
1
What is the units digit of (-210)/126*(2 - 3968)?
0
Let d = -172 - -121. Let g be -12*(-3)/(-17) - 6/d. What is the units digit of (4/4 + -455)*g/4?
7
Let w(f) = -2*f - 10. Let u be w(-3). Let m(g) = -128*g - 41. What is the tens digit of m(u)?
7
Let f = 501 + -357. Suppose f = r - 893. What is the tens digit of r?
3
Let c(p) = 6*p**3 + 519*p**2 + 3*p + 279. What is the tens digit of c(-86)?
0
Suppose -2965 = 9*v + 1742. Let o = v + 1107. What is the tens digit of o?
8
Let p(c) = 10*c + 1 - 6*c + 1022*c**2 - 3*c. Let d be p(1). Suppose -z - 15*z + d = 0. What is the units digit of z?
4
Suppose 59069 = 64*g - 348012 - 112471. What is the thousands digit of g?
8
Let w(o) = -8*o**2 + o + 2. Let d be w(-1). Let h be 8 - (8 + (d - -3)). Suppose -y + h*v + 131 = 0, 2*y + 78 = v + 319. What is